e 2) to base 14.
-addcc7
What is 1420042213 (base 5) in base 7?
43143235
Convert -151941 (base 12) to base 11.
-22317a
56676 (base 11) to base 12
3b554
1521151 (base 7) to base 13
73246
Convert -12002100 (base 6) to base 14.
-9a2a0
11110110000000111 (base 2) to base 3
20101210011
Convert -1552240 (base 6) to base 16.
-16980
-138aa2 (base 11) to base 7
-1562330
Convert 2b9009 (base 13) to base 4.
10012310323
What is -14210211 (base 5) in base 12?
-71484
What is -1257474 (base 8) in base 12?
-14b8a4
What is -17d356 (base 15) in base 4?
-10122303231
2986066 (base 11) to base 9
10560227
-4647 (base 14) to base 15
-3945
Convert -11111212122 (base 3) to base 15.
-1b4d2
What is 4322231120 (base 5) in base 8?
43012000
What is 240015514 (base 7) in base 3?
1000220100101121
What is -43a09 (base 14) in base 2?
-101000000000011001
Convert -100000110111111110010 (base 2) to base 5.
-233432414
What is -43033014 (base 7) in base 14?
-6b21b4
Convert 2012202010210 (base 3) to base 12.
488663
11021143 (base 5) to base 13
34420
What is -535891 (base 10) in base 12?
-21a157
Convert 1110101101110110101 (base 2) to base 9.
814440
-3042125 (base 6) to base 11
-9a468
Convert -1b59ca (base 16) to base 9.
-3331710
Convert -18b524 (base 12) to base 8.
-1520454
-1a5284 (base 12) to base 5
-104341340
What is 3172b (base 12) in base 5?
4034404
4610562 (base 7) to base 13
171429
27a1537 (base 14) to base 11
a9320a9
Convert 102012112 (base 5) to base 6.
13021154
What is -8a216 (base 12) in base 14?
-4ac14
What is 213210021031 (base 4) in base 9?
21457217
3413110 (base 7) to base 3
210112011011
661679 (base 15) to base 16
4a3b47
Convert 46c21d (base 14) to base 12.
985797
Convert 6d775 (base 14) to base 15.
5447d
What is c2e894 (base 15) in base 5?
4332403224
Convert -255208 (base 9) to base 12.
-75652
What is 4323054 (base 6) in base 14?
579c6
-32003b (base 13) to base 5
-244433201
What is -10100010110001110111111 (base 2) in base 16?
-5163bf
-32512411 (base 6) to base 5
-222131004
Convert -22113013 (base 5) to base 10.
-191633
Convert -22120312321 (base 4) to base 15.
-38bd57
200011121 (base 4) to base 2
100000000101011001
What is -1a484 (base 12) in base 16?
-9724
39a8 (base 14) to base 7
41401
What is 131134051 (base 6) in base 9?
4760204
-11131032023 (base 4) to base 5
-331233121
-24624526 (base 7) to base 2
-1000011111001101000011
What is 200726 (base 9) in base 3?
20000210220
42e39 (base 15) to base 3
101210102200
Convert -80948 (base 11) to base 10.
-118269
Convert 80558 (base 13) to base 10.
229406
1dd2 (base 14) to base 7
21652
Convert 1332551 (base 6) to base 7.
430150
-307308a (base 11) to base 7
-64036266
-255143213 (base 6) to base 13
-106367a
-169607 (base 13) to base 11
-355370
What is 17547440 (base 8) in base 5?
2023210011
-103135100 (base 7) to base 12
-2083342
What is 120022 (base 13) in base 12?
187b37
385a24 (base 12) to base 5
214004432
What is -2222000202201 (base 3) in base 2?
-110000000100100011111
-1a3abd (base 15) to base 12
-51782a
-111111011111100001010 (base 2) to base 5
-1013034042
Convert 348818 (base 10) to base 3.
122201111012
14b6d (base 14) to base 4
30212331
Convert -100011100100111011110 (base 2) to base 4.
-10130213132
Convert -195d95 (base 16) to base 4.
-12111312111
Convert -8093a (base 11) to base 3.
-20000020000
What is -17bc50 (base 15) in base 11?
-718833
Convert 2ab1a6 (base 15) to base 16.
1f78aa
4443407 (base 8) to base 11
748a48
Convert -110101100100111011000 (base 2) to base 4.
-12230213120
What is 151789 (base 11) in base 4?
321233303
What is -102100220122 (base 3) in base 2?
-110110100111111011
Convert -142452355 (base 7) to base 14.
-1360465
What is 12880 (base 13) in base 12?
17ab7
Convert -1225102 (base 6) to base 14.
-1a046
Convert 12623896 (base 10) to base 6.
1130323544
-10155421 (base 6) to base 9
-500224
What is -9a171 (base 13) in base 5?
-32414110
2b5a3a (base 15) to base 3
10221102112101
7d957 (base 15) to base 7
3255136
Convert 17707147 (base 8) to base 2.
1111111000111001100111
-1000001110000100111101 (base 2) to base 6
-114103553
Convert 886904 (base 12) to base 14.
406244
What is 1c05f (base 16) in base 3?
12211110020
Convert 13335520 (base 6) to base 11.
28697a
Convert 2210010221 (base 3) to base 13.
1bc1c
What is -2469829 (base 10) in base 12?
-9b1371
152304253 (base 6) to base 3
20000102022220
What is -240430314 (base 5) in base 6?
-35430333
Convert -14324133 (base 6) to base 13.
-14376c
Convert -1258a (base 12) to base 4.
-12012322
120011031110 (base 4) to base 9
12781458
What is -2081816 (base 9) in base 4?
-10100221122
Convert -111111010011010111110 (base 2) to base 3.
-10220101102000
Convert b39f (base 16) to base 8.
131637
-4bf56 (base 16) to base 13
-ab7ca
-1111531 (base 8) to base 2
-1001001001101011001
26237253 (base 9) to base 12
439bb26
25e23b (base 15) to base 10
1819631
What is -156210 (base 13) in base 14?
-da3dd
-908b (base 15) to base 13
-10b68
What is 2823674 (base 10) in base 2?
1010110001010111111010
b15203 (base 12) to base 15
399be9
41189a (base 12) to base 10
1019062
Convert 135046123 (base 7) to base 3.
121121212220011
What is c0301 (base 13) in base 12?
146774
-10210102101 (base 3) to base 8
-221651
What is -143222131 (base 5) in base 9?
-1374440
What is -39b893 (base 12) in base 11?
-5a132a
Convert 12311311332 (base 4) to base 7.
21146406
1304413022 (base 5) to base 15
4336ac
What is 152326 (base 14) in base 8?
2635416
What is -33c1c (base 14) in base 9?
-211572
Convert c071e (base 15) to base 3.
1010221112102
-319791 (base 13) to base 7
-12614112
10111100110110011011 (base 2) to base 4
2330312123
Convert -11100010001111001 (base 2) to base 3.
-12212220010
What is -47e1e0 (base 16) in base 6?
-244545344
Convert 839db (base 14) to base 2.
1001101100001001101
Convert c65356 (base 14) to base 16.
663710
-14470073 (base 8) to base 12
-1134b0b
148164 (base 9) to base 16
16480
Convert -166610 (base 10) to base 3.
-22110112202
Convert -205637 (base 9) to base 15.
-2635d
Convert -2ac00 (base 15) to base 16.
-219e4
-200000121 (base 5) to base 6
-24425022
Convert 49940 (base 13) to base 11.
92964
Convert 2c355 (base 14) to base 2.
11010111101010111
What is -6046ab (base 14) in base 2?
-1100010110110101001111
What is -11301431 (base 5) in base 4?
-121033012
Convert -1164671 (base 8) to base 7.
-2510465
What is 331125312 (base 6) in base 8?
26513354
110111012000021 (base 3) to base 15
8b16ed
Convert 3021040 (base 5) to base 9.
73183
What is 2236532 (base 7) in base 11?
180219
-15255115 (base 8) to base 16
-355a4d
-2000126 (base 7) to base 11
-150920
Convert 142238 (base 11) to base 14.
5b172
21100211010110 (base 3) to base 6
215513233
What is -10001100010001000011100 (base 2) in base 6?
-242302540
Convert -4428684 (base 12) to base 2.
-110001100100101111000100
-10213334443 (base 5) to base 14
-15c16cc
45152544 (base 6) to base 14
278728
4b5c4a (base 15) to base 5
1411122040
What is -156448b (base 12) in base 11?
-250a396
2344871 (base 9) to base 12
512a91
-654c06 (base 13) to base 11
-1387196
What is -15dfcb (base 16) in base 3?
-2200211110100
437522 (base 8) to base 3
21111000220
What is 41a162 (base 13) in base 2?
101110110111111010000
Convert -3022133013 (base 4) to base 14.
-178379
-378060 (base 10) to base 9
-635536
Convert -132330 (base 8) to base 2.
-1011010011011000
Convert c7c10 (base 15) to base 5.
130240330
446354 (base 9) to base 4
1001031202
6305056 (base 7) to base 6
24125331
141112 (base 8) to base 10
49738
What is -14dd926 (base 14) in base 16?
-9be8ee
Convert -41412202 (base 5) to base 13.
-bc603
-813030 (base 10) to base 4
-3012133212
Convert c6aa3 (base 16) to base 4.
3012222203
Convert -171471 (base 8) to base 14.
-18997
2b603d (base 16) to base 2
1010110110000000111101
Convert 1922187 (base 10) to base 12.
788463
Convert 1bb43bc (base 13) to base 7.
141331121
-563513 (base 12) to base 15
-1c23d0
What is 329844 (base 10) in base 7?
2542434
Convert -f5204 (base 16) to base 10.
-1004036
-2120110 (base 4) to base 15
-2d4d
Convert 110100011110001010 (base 2) to base 13.
76a96
Convert -102122101221 (base 3) to base 13.
-8042b
Convert -2034443 (base 7) to base 2.
-111011100110000100
-37153623 (base 8) to base 11
-4688aa5
1021212012111 (base 3) to base 15
d8477
What is -101001